vided by (279/9)/(1/2)?
58
Let z(c) = -14*c - 48. Calculate the remainder when 349 is divided by z(-4).
5
Let m(l) = -5*l - 21. Let r be m(-10). Let w = r - 13. What is the remainder when w is divided by 6?
4
Calculate the remainder when 202 is divided by (52/13)/(3 + 34/(-14)).
6
Calculate the remainder when 1/((-9189)/1314 + 7) is divided by 8.
2
Suppose 11*c - 673 = -w + 12*c, 3361 = 5*w - 3*c. What is the remainder when w is divided by 42?
41
Suppose 4*i = -5*s + 11, 17 = 5*i + 2*s + s. Let l = i + 14. Calculate the remainder when 71 is divided by l.
17
Suppose 85 = 3*a - 2*a. What is the remainder when a is divided by 41?
3
Let t(r) = 2*r**3 - 37*r**2 + 54*r - 20. Let d = -26 - -37. What is the remainder when t(17) is divided by d?
9
Let d(t) = 5*t**2 + 3*t - 4. Suppose 3*p = -13 + 34. Calculate the remainder when d(-3) is divided by p.
4
Let q = 1837 - 1534. What is the remainder when q is divided by 14?
9
Let i be (2/1 - 1) + -3. Let s be 5 - 3 - (1 + i). Suppose -5*k - 65 = 2*g - 366, 4*g - 189 = -s*k. Calculate the remainder when k is divided by 15.
14
Let c = -333 - -388. Suppose 2*a = 2*s - 0*s - 40, -3*a = -s + 30. Calculate the remainder when c is divided by s.
10
Suppose -155 = -4*m - m. What is the remainder when m is divided by (-130)/455 + (-79)/(-7)?
9
Let y(l) = -8*l + 5. Let q(b) = 2*b - 1. Let n(f) = 18*q(f) + 4*y(f). What is the remainder when 75 is divided by n(6)?
23
Let g(v) = v**3 + 4*v**2 - 36*v + 11. Calculate the remainder when g(-8) is divided by 29.
14
Let h = 738 + -666. What is the remainder when h is divided by 9?
0
Let l be 5 + 4 + -7 - -3. Suppose b + 244 = 4*m, -4*m + l*b + 171 = -73. What is the remainder when m is divided by 17?
10
Let q(f) = f**2 + 6*f - 10. Let c be q(-7). Suppose -2*v = 109 - 117. Calculate the remainder when (-31)/c + 6/9 is divided by v.
3
Let m(q) = -q**3 - 30*q**2 - 2*q + 31. Let c be m(-30). Let o = c - 88. What is the remainder when 19 is divided by o?
1
Let w(r) = -r**2 + 2*r + 11. Calculate the remainder when 12 is divided by w(4).
0
Let m(u) = -3*u**3 - u**2 + 27*u + 69. What is the remainder when 716 is divided by m(-3)?
56
Let i(f) = 46*f + 92. What is the remainder when i(5) is divided by 65?
62
Suppose 3*i + 229 + 80 = 2*c, -3*i = 3*c - 441. Suppose 0 = 4*u + 16, u + u + c = 2*v. Calculate the remainder when v is divided by (-12)/(-2)*16/4.
23
Let a be (-162)/7*(1 + (-24)/3). Suppose 0*p - 3*p + 227 = -2*r, 4*r + a = 2*p. Calculate the remainder when p is divided by 19.
16
Suppose -7*s + 12 = -5*s. Suppose 0 = s*z - 175 - 17. What is the remainder when z is divided by 9?
5
Let t = 1741 + -1006. Calculate the remainder when t is divided by 18.
15
Suppose 5*q - 312 = 3*o, 128 = 2*q - 0*q + 2*o. Let n = q + -52. What is the remainder when n is divided by 3?
2
Let b be 120/3 - (-7 + (-15)/(-3)). Let k = b - 37. Calculate the remainder when 5 is divided by k.
0
Let f be (-10)/25 + 154/10. Suppose -4*i = -v + f, -4*i + 0*i = 12. Calculate the remainder when v is divided by 2.
1
Let c(w) = -w**3 - 7*w**2 - 16*w + 3. What is the remainder when 492 is divided by c(-5)?
30
Let u = -37 - -41. Let j(z) = z**2 + 4. What is the remainder when j(3) is divided by u?
1
Let r(g) = g + 103. What is the remainder when 320 is divided by r(5)?
104
Let y = -566 + 590. Calculate the remainder when 90 is divided by y.
18
Suppose 3*j - 45 - 201 = y, 4*y = -j + 69. What is the remainder when 31 is divided by (j/(-18))/(4/(-8))?
4
Let b be (-2 + 2)*2/4. Suppose 0 = -5*g + 5*q + 325, -2*g + q + 0*q + 131 = b. Suppose -29 = -5*s + g. Calculate the remainder when 35 is divided by s.
16
Suppose -3*i + 34 - 4 = 0. Let s(n) = n - 4. Let q be s(5). Let g = q - -5. What is the remainder when i is divided by g?
4
Suppose 91*x = 84*x + 1582. Calculate the remainder when x is divided by 23.
19
Suppose 0 = -5*o + 29 + 46. Let y = -27 - -39. Suppose d - y = -d. What is the remainder when o is divided by d?
3
Let f(q) = 4*q + 23. Let h(r) = r**3 + 2*r**2 - 2*r. Let s be h(-3). What is the remainder when f(16) is divided by ((-9)/s + -2)*22?
21
Let l be -3*35/(-42)*4/2. Suppose -l*j = 60 - 190. Let q(r) = 3*r**2 - 6*r + 5. Calculate the remainder when q(6) is divided by j.
25
Let y = -409 + 1736. What is the remainder when y is divided by 95?
92
Let s(y) = y**3 + 6*y**2 + 19*y - 92. What is the remainder when s(4) is divided by 48?
0
Suppose -x + 128 = 3*x + 2*r, 12 = -3*r. What is the remainder when ((-3)/((-15)/335))/1 is divided by x?
33
Suppose -5*a - 5*q + 1760 = 0, 0*a - 1413 = -4*a - 3*q. Calculate the remainder when a is divided by 45.
42
Suppose 3*d - 719 = -2*i, -3*i - 410 = 5*d - 1488. Suppose -6*c = -17 - i. What is the remainder when c is divided by 13?
11
Suppose 52*c - 50*c - 4*i = 244, -5*c - 4*i = -568. What is the remainder when c is divided by 13?
12
Let f = -1195 + 1202. What is the remainder when 79 is divided by f?
2
Let k(m) = 17*m + 19. Let r = -141 - -146. Calculate the remainder when k(r) is divided by 18.
14
Let x = 0 + 18. Suppose -105 = -31*u + 50. What is the remainder when x is divided by u?
3
Let v(d) = d**2 + 6*d - 12. Let x = 10 + -19. Suppose 0*z - 16 = -2*z. What is the remainder when v(x) is divided by z?
7
Suppose -8*t = -4*t + 4*u - 124, -3*t + 93 = 4*u. Calculate the remainder when t is divided by 30.
1
Let w(a) be the first derivative of 4*a**3/3 - 3*a**2 + 2*a - 2. What is the remainder when 11 is divided by w(2)?
5
Let f(c) = -11 + 13*c**2 - 3 + c**3 + 2*c**2 - 18*c. What is the remainder when 51 is divided by f(-16)?
15
Suppose 4*z - 36 = -5*m, -z + 41 - 10 = 4*m. Let s(a) = -a**2 + 8*a - 2. Let v be s(m). What is the remainder when 17 is divided by 1/(-3)*(-20 - v)?
5
Let c = 84 + -86. What is the remainder when 2 is divided by 1 - 4*1/4 - c?
0
Suppose 0 = -7*m + 8*m - 155. Let u = m + -76. What is the remainder when u is divided by 21?
16
Let c(i) = -6*i**2 + 2*i + 1. Let p be c(-1). Let u(x) = -x**2 - 13*x - 8. Let j be u(-10). Let q = j + p. What is the remainder when 27 is divided by q?
12
Suppose 0*n + 58 = 2*c - 2*n, 112 = 4*c - 5*n. Let m(q) = -4*q**3 + q**2 - q + 2. Let f be m(-2). Let k = f + -28. What is the remainder when c is divided by k?
9
Calculate the remainder when 20/(-170) + 4764/34 is divided by 48.
44
Let b(h) = -14*h - 26. Calculate the remainder when 58 is divided by b(-3).
10
Let i(f) = -6*f + 2. Let p be i(1). What is the remainder when 70 is divided by (6 - -30)/(-2*3/p)?
22
Let l(m) be the third derivative of -5*m**4/12 + m**3/6 - 5*m**2. Let n(v) = -v**2 + 2*v - 2. Let s be n(1). Calculate the remainder when 43 is divided by l(s).
10
Let u = 1584 + -1508. What is the remainder when 299 is divided by u?
71
What is the remainder when (-3)/((-6)/(-4)) + 31 is divided by (6/8)/(3 + (-46)/16)?
5
Let t = 38 - 35. Suppose 3*h - 2*k = t + 4, 3*h + 2*k - 11 = 0. Calculate the remainder when 5 is divided by h.
2
Let z(g) = g**3 + 6*g**2 - 3*g - 1. Let p(m) = m**3 + 7*m**2 - 6. Let q be p(-6). Let b be 9/2*(-40)/q. Calculate the remainder when z(b) is divided by 10.
7
Suppose j + 64 = 66. Suppose -12 - 30 = -j*k. What is the remainder when 62 is divided by k?
20
Suppose 2*f + 279 = 6*f - 5*s, -5*f = -5*s - 350. Suppose 0 = 5*p - 25, 4*k - 5*p - f = 0. Calculate the remainder when 67 is divided by k.
19
Suppose 62 = 2*f - 144. Let m = 16 + f. Calculate the remainder when m is divided by 30.
29
Let c(f) = -f**2 - 15*f - 13. Let g be c(-12). Let j(o) = 2*o - 25. Suppose 3*p + p - 24 = 0. What is the remainder when j(g) is divided by p?
3
Let z(j) = -j**3 - 11*j - 5. Let s be z(-4). Suppose 5*n - 112 = s. What is the remainder when 212 is divided by n?
40
Let h = 55 + -58. Let b(r) = 3*r - 2. Let s(t) = t. Let c(o) = -b(o) - 3*s(o). Calculate the remainder when c(h) is divided by 11.
9
Let z = 619 + -351. What is the remainder when z is divided by 27?
25
Suppose 25 = -2*x + 3*l + 52, 14 = -x - 4*l. Suppose 0 = m - 2*m + 52. Calculate the remainder when m is divided by x.
4
Suppose 6 = 6*y + 18. Let v be (y/4)/(17/(-68)). Suppose -v*q = 3*q - 25. What is the remainder when q is divided by 4?
1
Let t(b) = b**3 - 2*b**2 + b + 5. Suppose -3*u - 150 = g - 179, 0 = -5*g - 4*u + 90. Calculate the remainder when t(4) is divided by g.
13
Let l = -498 + 519. What